8 + -24. Let x(i) = -i**2. Let v(p) = 10*p**2 + 10*p + 9. Let j(z) = -2*v(z) - 22*x(z). Let l be j(13). Calculate the highest common factor of l and b.
12
Suppose -v - 89 = -29. Let x = v - -70. What is the greatest common factor of 110 and x?
10
Let k be 334 + -25 + (-504)/(-24). Let y = 1 - -1. Suppose y*r - 4*r = -60. What is the greatest common divisor of k and r?
30
Suppose -5565 = -54*c + 645. Calculate the highest common divisor of 253 and c.
23
Let m = 95 + -44. Let a = 75 - m. Let g(l) = l**3 - 8*l**2 + 15*l - 12. Let r be g(6). Calculate the highest common divisor of r and a.
6
Let h(r) = 511*r - 1610. Let s be h(4). What is the greatest common divisor of 124 and s?
62
Suppose 3*j - 985 = 8*j. Let n = 239 + j. What is the greatest common divisor of 21 and n?
21
Suppose 7*r = 2 + 117. Let f be (r - 3)/(-2)*-2. Suppose -9*p + f*p = 715. What is the highest common factor of 13 and p?
13
Suppose -5*h = 3*y - 1278, 819 = 3*h - 1217*y + 1213*y. Calculate the highest common divisor of 1125 and h.
9
Suppose -4*y + 6*r + 100 = 4*r, -5*r + 23 = 3*y. Let u(n) = -11*n + 2. Let h be u(-3). Calculate the greatest common divisor of h and y.
7
Suppose 0 = -78*i - 167*i + 337120. Calculate the highest common divisor of i and 5848.
344
Let g = 37 - 44. Let b(u) = -4*u - 21. Let n be b(g). Suppose n*j - 695 = -2. What is the greatest common factor of 33 and j?
33
Suppose -3 = -3*a, y = 4*a - 6*a + 9. Suppose y*r = 2*r + 60. Calculate the greatest common divisor of 288 and r.
12
Let g = -1871 + 2075. Calculate the greatest common factor of 153 and g.
51
Let k = -22841 - -22921. Suppose 0 = n - 2 - 2. Suppose f = 6 + n. What is the highest common factor of k and f?
10
Suppose 7*z - 24*b + 23*b = 42596, b + 30424 = 5*z. What is the greatest common factor of 102 and z?
34
Let j be (-2)/7 + 2628/84. Let s = 50 + 39. Suppose -3*d - u = -s, 4*d - 2*u - 140 = 2*u. What is the greatest common factor of d and j?
31
Suppose 2*o = 2*x - 3*o - 1242, x + 3*o = 610. What is the greatest common factor of x and 280?
56
Suppose -42*i = -16*i - 104. Suppose 4*q = 5*v - 125, 2*v + 3*v + i*q - 125 = 0. Calculate the greatest common divisor of v and 775.
25
Suppose -c + j = 2*c - 596, -4*c = 3*j - 812. Suppose -6*v + c = -v. Calculate the highest common divisor of 60 and v.
20
Let s = 12246 - 10858. What is the greatest common factor of s and 8?
4
Let x be -3 + ((-1144)/(-132))/(2/36). Calculate the greatest common divisor of 18 and x.
9
Let s be (-4)/2*(1323/(-6))/49. Calculate the highest common factor of s and 3897.
9
Let q(v) = 16*v**3 + 2*v**2 + v. Let p be q(2). Let j be -11 + 87 + 4 - -12. Calculate the greatest common divisor of p and j.
46
Let z = -80 - -110. Let k be 0 + (-6)/(-10) - (-9732)/z. What is the highest common factor of k and 65?
65
Let q = 294 - 284. Suppose -28 = -24*v + q*v. What is the highest common divisor of v and 14?
2
Let i(j) be the first derivative of j**2 - 3*j - 8. Let x be i(-7). Let w = x - -29. Calculate the highest common factor of w and 132.
12
Let o be 3/(-1) - (4 - 7). Suppose o = -t + 112 + 64. Let d be ((-396)/27)/((-6)/9). What is the highest common divisor of t and d?
22
Suppose 58*p - 55*p - 21 = 0. Suppose -4*w + p*w = 2*x + 148, 5*w - 2*x = 244. What is the greatest common factor of w and 6?
6
Let t be (-4)/(-2) + 44 - 2. Suppose -62*j = -59*j - 87. Suppose -3*n + 86 = -4*d, 3*n - j = -4*d + 17. What is the highest common factor of t and n?
22
Suppose 32*k - 47616 = k. Calculate the greatest common factor of k and 6.
6
Let a(u) = 2*u**2 + 8*u - 9. Let b be a(-5). Let w(x) = -4*x + 20. Let p be w(4). What is the greatest common divisor of p and b?
1
Suppose 3*q - 43 = -3*h + q, h - 10 = -5*q. Suppose -218*j - 437*j = -105*j + 467*j - 147465. Calculate the greatest common divisor of j and h.
5
Let y(n) = 45*n + 1589. Let d be y(-31). What is the greatest common divisor of d and 52574?
194
Let v(p) = 45*p - 241. Let a(l) = 22*l - 121. Let w(q) = -7*a(q) + 4*v(q). Let c be w(14). What is the highest common divisor of 19 and c?
19
Suppose -6*i = 251 - 833. Suppose 195 = 3*d + 2*d - 3*o, 2*d - i = 5*o. Calculate the highest common divisor of 90 and d.
18
Suppose 47*g + 2*p = 42*g + 66, 4*g - 33 = 5*p. What is the greatest common divisor of 132 and g?
12
Suppose 0 = 140*m - 2877 - 3003. Suppose -6*u = -u. Suppose -w = -4*r - r - 43, u = -4*w - r + 109. Calculate the highest common factor of m and w.
14
Suppose -46312 = -29*m + 25*m - 2*n, -2 = -n. Calculate the highest common factor of m and 51.
51
Suppose -387 = -0*g - 3*g. Let i = 95 - 62. Let j = g - i. Calculate the greatest common factor of j and 6.
6
Suppose -21*k + 10*k + 749 + 2617 = 0. Calculate the highest common divisor of 2822 and k.
34
Let j(n) = -38*n**2 - 353*n - 18. Let b be j(-9). Calculate the highest common divisor of 6327 and b.
9
Let u = 6947 + -6811. What is the highest common factor of 72 and u?
8
Let q(l) = 3*l**2 - 16*l + 12. Let n be q(6). Suppose 79 = 9*w + 7. What is the greatest common factor of n and w?
8
Let f be (-5*3 - (7 + -7))*216/(-81). Calculate the highest common divisor of f and 1592.
8
Let f = 70 + -36. What is the greatest common factor of f and 544?
34
Suppose -48 = -7*c + 134. Let h be (0/(2/1) - 1)*c. Let z(o) = -o**3 - 26*o**2 + 8. Let t be z(h). Calculate the highest common factor of 56 and t.
8
Let w be 3/(-27) + 2198/18 + -18. Calculate the highest common divisor of 9880 and w.
104
Suppose -3*y - 50 = 7. Let w(l) = l**3 + 21*l**2 + 38*l + 3. Let z be w(y). Calculate the highest common factor of z and 24.
3
Suppose 92*i + 1551 = 125*i. Calculate the greatest common divisor of 4 and i.
1
Suppose -114 - 231 = 23*u. Let g be -4*(2970/24)/u. Calculate the highest common factor of g and 9.
3
Let z(r) = 20*r**3 - 99*r**2 + 5*r + 1. Let s be z(5). Calculate the greatest common divisor of 4131 and s.
51
Suppose -69 + 2345 = 17*k - 1039. Let m(w) = -3*w**3 - 4*w**2 - 3. Let l be m(-3). Suppose -5*y + l = -33. Calculate the highest common factor of k and y.
15
Let h(z) be the first derivative of -z**4/4 - z**2 + 462*z - 78. Let d be h(0). Calculate the greatest common divisor of 42 and d.
42
Suppose 3*r - 21*r = 8*r - 17836. What is the greatest common factor of 182 and r?
14
Suppose 753 = 9*r - 57900. Suppose -791 - r = -21*j. What is the highest common factor of j and 12?
12
Suppose 8792 + 1296 = 13*l. Suppose 0 = 3*p - 6*p - 2*i + 764, 0 = -3*p - 5*i + l. What is the greatest common divisor of p and 28?
28
Let m = -641 - -643. Suppose -m*n + 5*d = -191, n + d + 97 = 2*n. What is the highest common factor of 28 and n?
14
Suppose -144 = 2*j - 154. Suppose -6*o = -4*p - 3 - 37, j*o + 3*p - 65 = 0. What is the highest common divisor of o and 80?
10
Let d = 6687 - 4692. Calculate the highest common divisor of 75 and d.
15
Let u(c) = -c**2 + 9*c - 7. Let k be u(5). Suppose o - k + 4 = 5*a, 2*o = -5*a + 3. Suppose 0 = -6*p + 2*p + 112. What is the highest common divisor of o and p?
4
Suppose 391 = 3*z - 878. Let h = z + -67. What is the greatest common divisor of h and 267?
89
Suppose -313 - 512 = -35*i + 10*i. What is the greatest common factor of 17556 and i?
33
Let o be 28*((-522)/(-63) + (-16)/4). Let t(m) = -4*m - 6. Let z be t(-9). What is the highest common divisor of o and z?
30
Let h(m) = -263*m**3 + m**2. Let q be h(1). Let z = q - -457. Suppose 0 = 4*y + 2*f - 150, 2*y + f = -3*y + z. What is the highest common factor of y and 10?
10
Let q(d) = d**2 + 16*d + 39. Let o be q(-16). Suppose 5*t + o = 264. Suppose 4*x + t = 221. Calculate the highest common divisor of 110 and x.
22
Let r = -44 - -55. Let b = -6 - -6. Suppose -g + 2*t - 17 + 115 = 0, 3*g + 5*t - 239 = b. What is the highest common divisor of g and r?
11
Let k(u) = -13*u**2 - 99*u + 1. Let g be k(-7). What is the greatest common divisor of g and 1235?
19
Suppose -3*s = -170*r + 169*r + 39, 5*r + s = 67. Suppose 0*p + 3*p - x - 1391 = 0, 2*p + 3*x = 942. What is the highest common factor of r and p?
15
Suppose 14*r - 2*y = 12*r + 10332, -2*y - 20668 = -4*r. What is the highest common divisor of 38 and r?
38
Let x be (-7)/(-126) - 102033/(-486). What is the highest common factor of 150 and x?
30
Suppose 0 = -47*t + 17165 + 4220. Let b = t - 419. Calculate the greatest common di